t d(v) = v + 2. Let h be d(3). Let j be 2/(-6)*(-5 - -2). Let g be ((-9)/27)/(j/(-15)). What is the highest common divisor of h and g?
5
Let p(y) = -y**3 + 10*y**2 + 12*y + 10. Let j be p(11). Let l = 66 - j. What is the highest common factor of 15 and l?
15
Let j be 3 + 4*2/8. Suppose 13*n - 29 = 179. Calculate the greatest common divisor of n and j.
4
Suppose 18 = -2*u - 5*i, -2*u = 3*u - 3*i + 45. Let p = -4 - u. Suppose 9*c = p*c + 92. Calculate the greatest common factor of 69 and c.
23
Let t = 84 - -140. What is the highest common factor of t and 14?
14
Suppose -3*j = 2*j - 120. Suppose -2*z = -v - j, 0 = -5*v - 12 - 8. What is the greatest common factor of z and 10?
10
Suppose 3*m = -2*t + 887, -4*t - 4*m - m = -1779. What is the greatest common divisor of 41 and t?
41
Suppose -4*g = 4*i - 468, -4*i + g + 352 = -116. What is the greatest common factor of 429 and i?
39
Let r(i) = -i + 34. Suppose 6*s - 90 = -3*s. Let t be r(s). Calculate the highest common factor of 12 and t.
12
Let q = 16 - -17. Let t = -31 + q. Suppose -6*k = -t*k - 200. What is the greatest common factor of k and 5?
5
Suppose 3*j - 1753 = -733. Calculate the highest common factor of 51 and j.
17
Let j(w) = 11*w + 1. Let g be j(1). Let y = -8169 + 8181. Calculate the greatest common factor of g and y.
12
Let m = 214 + -99. Let y = m - 35. Suppose 9*z = 4*z + y. What is the highest common divisor of z and 4?
4
Suppose -k = p - 5, k - 3*p - 2*p = 5. Suppose k*h - 264 = -7*h. What is the highest common factor of 44 and h?
22
Suppose 5*y + a = 948, 9*a = y + 4*a - 200. What is the highest common factor of y and 76?
38
Suppose 3*w - 1208 = -2*u + 1134, 3*u = 3*w - 2352. What is the greatest common divisor of 46 and w?
46
Suppose 4*i - 2*g = 117 + 57, -201 = -5*i - 3*g. What is the greatest common divisor of 728 and i?
14
Let g = 132 - 61. Let h = 25 + g. Suppose -5*u = -4*v - 226, 0*v = -2*u + 3*v + h. Calculate the greatest common divisor of u and 6.
6
Let l(b) = -2*b**2 + 6*b - 5. Let c be l(6). Let d = c - -73. What is the greatest common factor of d and 4?
4
Let t be 6 + 4/(-1)*1. Let d be (42 + -12)/(3/t). Calculate the greatest common factor of 20 and d.
20
Suppose 4*u - 107 - 93 = 0. Suppose -2*h + h - 2*y - 9 = 0, -20 = 5*h + 5*y. Let b be (-10 - (h - 4))*10/(-7). What is the highest common divisor of u and b?
10
Let b = 118 - -2. Calculate the highest common divisor of 80 and b.
40
Let o(x) = x**3 + 3*x**2 - 18*x + 7. Let v be o(9). Calculate the greatest common divisor of 19 and v.
19
Suppose 258 = 4*w - 294. Let o be ((-2)/9 - 24/(-432))*-138. Calculate the highest common divisor of w and o.
23
Suppose 14*d - 19*d = -75. Let j = 29 - -1. Calculate the highest common factor of d and j.
15
Suppose 728 = -18*g + 19*g. What is the highest common divisor of g and 91?
91
Suppose -44 - 16 = 4*f. Let d = f - -45. Suppose -r - d = -2*r. What is the highest common factor of r and 6?
6
Suppose 2*m - 2*w = 0, 2*m + 9*w - 4*w = 14. Let s be (-2)/2*(m + -11). What is the highest common factor of s and 81?
9
Let i = 4469 - 4343. Let f(u) = -u**3 + 5*u**2 - 4*u - 3. Let h be f(4). Let o(k) = -7*k - 3. Let v be o(h). Calculate the greatest common divisor of i and v.
18
Let m(w) = 3*w + 15. Let v be m(16). Let k(p) = p**3 - 5*p**2 - 6*p + 7. Let s be k(6). What is the highest common divisor of s and v?
7
Suppose 375*t = 385*t - 17270. What is the highest common divisor of t and 22?
11
Let w(j) = -3*j + 2. Let y be w(-4). Let s(z) = -147*z + 24. Let o be s(-4). Let r be (-1)/((-4)/o) + 1. What is the highest common factor of y and r?
14
Suppose 227*r + 37 = 228*r. Suppose r = k - 0*b + b, b = k - 35. What is the highest common divisor of 90 and k?
18
Suppose -25*a = -21*a - 196. What is the highest common factor of a and 686?
49
Let z(k) = -17*k**3 + k**2 - 1. Let n be z(-1). Let l = -13 + n. Suppose b = l*b - 18. Calculate the highest common divisor of b and 18.
6
Let d = -454 + 481. Let m = 7 - 18. Let b = 20 + m. What is the highest common divisor of d and b?
9
Let f be 6/(-4)*(-8)/6. Suppose -2 = 2*n + 4*t, -2*t + 7 - 1 = f*n. What is the highest common factor of 56 and n?
7
Let y(k) = 13*k**3 - k**2 - k + 1. Let g be y(1). Let r(b) = 9*b - 38. Let d be r(g). What is the highest common factor of d and 28?
14
Suppose 0 = -0*v - 12*v + 396. What is the highest common divisor of v and 55?
11
Suppose -94 = -9*w + 221. What is the highest common factor of w and 700?
35
Let k(t) be the second derivative of -t**3/6 - 2*t**2 - 6*t. Let y be k(-6). Suppose 9*g - 4*g = 70. Calculate the greatest common divisor of y and g.
2
Let a be 2 + (-117)/(-9) - 4. Let r be 388/5 - 6/10. What is the highest common divisor of r and a?
11
Suppose 5*x - 1 - 24 = -l, -x - 1 = -l. Suppose l*b = -b - 54. Let k(n) = n**2 + 5*n - 6. Let d be k(b). What is the greatest common divisor of d and 75?
15
Let f be 16/72*9 + 1*340. What is the highest common factor of 18 and f?
18
Suppose -4 = 2*n - 6, 918 = 3*c + 3*n. Suppose 6*v - 205 = c. Suppose 5*o - 68 = o. Calculate the greatest common factor of v and o.
17
Let a(d) = 2*d**3 - 14*d**2 + 11*d + 6. Let x be a(9). Let o be x*(4 + (-20)/6). Calculate the highest common divisor of o and 26.
26
Let k = -261 - -316. What is the greatest common factor of 110 and k?
55
Suppose 5*n = -3*f - 6, -n + 30 = -6*n + 5*f. Suppose -42 = 4*r + 2. Let v = n - r. What is the greatest common divisor of 88 and v?
8
Let z(k) = -8*k - 78. Let r be z(-12). What is the highest common factor of r and 135?
9
Suppose c + 614 = 3*y, -143 + 371 = y - 5*c. Calculate the highest common divisor of 29 and y.
29
Suppose i - 5*i - 16 = 0, -2*h = -4*i - 5728. What is the highest common divisor of h and 68?
68
Suppose 13*g - 22 = 173. Suppose 0*i + 3*i - 3 = 0, 4*i + 116 = 4*p. Calculate the greatest common factor of g and p.
15
Suppose -408 = 5*l - 113. Suppose -2*b + 2*h = b - 274, 4*b + 3*h - 388 = 0. Let d = b + l. Calculate the highest common divisor of d and 5.
5
Let v = -1 + 2. Let h(u) = 6 - 2*u - 26 + 143*u**2 + 4*u + 13 + 6. Let w be h(v). What is the highest common divisor of 16 and w?
16
Let x be 4 + 1/((-4)/16). Suppose -r - 26 + 34 = x. Calculate the greatest common divisor of 4 and r.
4
Suppose 0 = -4*z - z + 5. Let o be 34/(-4) + 12/(-24). Let a be (z - (-22)/(-6))*o. What is the greatest common factor of a and 6?
6
Suppose 0 = 2*v + 3*v. Let g(c) = -c + 12. Let x be g(v). Let s(w) = w - 18. Let p be s(24). Calculate the greatest common divisor of x and p.
6
Suppose -3*i + 216 = 5*v - v, -v = 5*i - 71. Calculate the greatest common divisor of 3 and v.
3
Let y = -436 - -476. Calculate the highest common divisor of y and 760.
40
Suppose -7*l + 115 = -2*l. Let z be (-138)/36 - (-2)/(-12). Let f be 5/20 + (-183)/z. What is the highest common factor of f and l?
23
Suppose 0 = 2*w - 4, w + 4*w - 91 = -3*l. Calculate the greatest common divisor of l and 297.
27
Suppose 178 = 24*o - 14. Suppose 0 = -b + 2 - 0. Suppose b*t = 64 + 48. Calculate the highest common factor of t and o.
8
Let u be -3 + (10/2)/1. Suppose 3*f - j - 124 + 12 = 0, -f = u*j - 49. Suppose 2*y + f = 5*y. Calculate the greatest common factor of y and 104.
13
Suppose -11330 = -5*u - 17*u. Calculate the greatest common factor of u and 309.
103
Suppose 2*l = -6*l + 248. What is the greatest common factor of 248 and l?
31
Suppose 0 = -6*q + 7*q - 60. Suppose -4*d + 0*s = -3*s - q, -3*d + 4*s = -38. Calculate the greatest common factor of 45 and d.
9
Let u(a) = 2*a**2 - 5*a + 2. Let m be u(3). Suppose -2*w + 10 = d - 6*w, 0 = -3*d + m*w + 16. Let b = d - -5. Calculate the greatest common factor of 7 and b.
7
Suppose 2*b - 30 = 122. Suppose 6*r - 74 - b = 0. Calculate the greatest common factor of 25 and r.
25
Let r(t) = -t**3 - 12*t**2 - 9*t - 4. Let o be r(-9). Let p = 342 + o. What is the highest common factor of 22 and p?
22
Let l(t) = t**2 - 8*t + 7. Let f be l(3). Let g be f/(-3 - -7) - -5. What is the greatest common factor of g and 2?
1
Let l(w) = 19*w + 10. Let s = 21 + -14. Let p be l(s). Calculate the greatest common divisor of p and 13.
13
Let k(s) = 10*s**2 - 7*s + 11. Let x be k(-5). What is the greatest common divisor of 32 and x?
8
Let y(q) = -5*q + 5. Let n(m) = -4*m**2 - 1. Let u be n(-1). Let v = -3 + u